factor of h and 13?
1
Suppose -1463 = -12*o - 107. Let v = 116 - o. Suppose 7*y = 3*y + 12. What is the highest common divisor of y and v?
3
Let j be ((-15334)/136)/(1 - 9/8). Suppose -580 - j = -19*g. What is the highest common factor of 117 and g?
39
Suppose 5*o - 29 = 16. Let q be o/(-21) + (-168)/(-49). Calculate the greatest common divisor of 63 and q.
3
Let t = -98 + 174. Let b = -230 - -89. Let y = b - -160. What is the greatest common divisor of y and t?
19
Let s be (-172536)/(-1911) + (-2)/7. Let h = -23 - -63. Calculate the greatest common divisor of h and s.
10
Suppose -4*v + 9*r + 28 = 5*r, 0 = 3*v - r - 15. Suppose 3*k + v*d = -0*k + 425, 3*k + d = 410. Calculate the highest common divisor of 45 and k.
45
Let x = 5034 - 3630. Calculate the highest common factor of 1287 and x.
117
Suppose 389 = 5*o + 164. Suppose -w - 178 = -3*c, 176 = 11*c - 8*c - 2*w. Let q = c + -55. What is the greatest common factor of q and o?
5
Let l = 222 + -219. Suppose 6*z + 297 = t + 4*z, 887 = l*t - 5*z. What is the highest common divisor of 17 and t?
17
Let s(j) = -25*j - 156. Let i be s(-7). Suppose -904 = -i*x + 521. Calculate the highest common factor of 60 and x.
15
Let z(v) = -v**3 - 15*v**2 - 61*v - 8. Let k be z(-8). What is the highest common divisor of 2144 and k?
32
Let n = 3178 - 2855. Calculate the greatest common factor of 17 and n.
17
Let c be (53 + -49)*(-4323)/(-6). What is the greatest common divisor of c and 22?
22
Let q be -16 + 81/9 - (-6341 - 7)*1. What is the greatest common divisor of q and 17?
17
Suppose -15*f - 2520 = -55*f + 4*f. What is the greatest common divisor of f and 2590?
70
Suppose 0 = 5*c + 20, -10*d = -5*d + 5*c - 2355. Suppose -2*b + t - d = -6*b, 360 = 3*b - 3*t. Calculate the greatest common factor of 14 and b.
7
Suppose t + 75 = a - 0*a, 80 = a - 2*t. What is the highest common divisor of a and 1764?
14
Let n = -18 + 28. Let i be 7/((-35)/n)*1. Let a be (3/i)/(24/(-144)). Calculate the highest common factor of a and 6.
3
Let a = -12674 - -14498. Calculate the highest common factor of a and 684.
228
Let o(z) = -z**3 + 10*z**2 + 16*z - 13. Let t = 59 + -82. Let u = t - -34. Let j be o(u). What is the greatest common divisor of 6 and j?
6
Suppose 0 = -p + 2*k + 38, 0 = p + k - 65 + 36. What is the highest common divisor of p and 1896?
8
Let r = 278 + -279. Let f be ((-11)/(-5) + r)*2450/28. Calculate the highest common factor of 21 and f.
21
Let s(l) = 19*l + 78. Let i be s(-11). Let t = i + 184. Calculate the highest common factor of t and 424.
53
Let w be (-51)/(-85) + 4712/5. Let a be 336/2520 + (-1 - w/(-15)). What is the greatest common divisor of a and 4?
2
Suppose -4*n + n + 155 = j, -5*n + 4*j = -247. Calculate the highest common divisor of n and 799.
17
Let d = 56057 - 17201. What is the highest common divisor of 6 and d?
6
Suppose -86*a = -32*a - 3672. Calculate the highest common factor of a and 1462.
34
Suppose 26*b = 10 + 21 + 21. Let g(h) be the first derivative of -2*h**3/3 + 7*h**2/2 - 3*h - 1. Let c be g(b). What is the highest common divisor of 15 and c?
3
Let o(g) = 5*g**2 + 7*g + 7. Let k be o(-1). Suppose 0 = -k*s - 4*y + 26, -5*s + 7*y = 2*y + 10. Calculate the greatest common divisor of 22 and s.
2
Let u(c) = -c**2 - 96*c - 1254. Let n be u(-38). What is the greatest common divisor of n and 20?
10
Let h = 9 + -9. Suppose h = -v + 4. Let i be 2 + -1 + -2 + v. What is the greatest common factor of 15 and i?
3
Let a(n) = n**3 + 102*n**2 + 216*n + 1824. Let h be a(-100). What is the highest common factor of 4000 and h?
32
Let y be (-82808)/132*(-9)/2. Suppose -8*p + y = -297. What is the highest common factor of p and 10?
10
Suppose 4*i = 12, -20*r + 39 = -24*r + 5*i. Let g be (-2)/r - (-13)/(78/184). Calculate the greatest common divisor of g and 124.
31
Let b(m) = -20*m - 98. Let x = -207 - -201. Let c be b(x). Let y(u) = u**2 + 4*u + 6. Let k be y(-5). What is the greatest common factor of k and c?
11
Suppose -23*g - 33*g + 3230 = -22*g. What is the greatest common divisor of 295 and g?
5
Let y be (-2)/(-4) + 11/2. Suppose y*w = 30 + 42. What is the highest common factor of 276 and w?
12
Let j be (3/(12/23668) - 1) + -33 + 30. Calculate the greatest common factor of 81 and j.
81
Let t be -216*((-10)/(-2))/(-15). Let p(j) = -6*j - 4*j + 4*j - 3*j. Let k be p(-1). Calculate the greatest common factor of t and k.
9
Let r(d) = -d**3 + 25*d**2 + 23*d - 66. Let a be r(13). Calculate the greatest common divisor of 238 and a.
119
Suppose -95*v - 44317 + 134567 = 0. What is the highest common divisor of 38 and v?
38
Let c be 8/(-1)*(-11)/(-22)*-1. Suppose 5*k - 4033 = n, 5*k + c*n = 2*k + 2406. What is the greatest common factor of 26 and k?
26
Suppose -4*c = -7*c - 5*o - 4, -16 = -4*c + 4*o. Suppose c*l = 10*l + 352. Let z = l + 58. What is the highest common factor of 42 and z?
14
Let d = -3376 + 3379. Calculate the highest common factor of 2207 and d.
1
Suppose 3*d - 214 = 2*g, 6*d + 5*g = 4*d + 168. Let n = 174 - 107. Let t = d - n. Calculate the highest common factor of t and 1.
1
Suppose 82*q - 4444 - 4884 = -94*q. What is the highest common divisor of q and 13250?
53
Let p(k) = 28*k**2 + 3*k + 28. Let u be p(-4). What is the greatest common factor of 261 and u?
29
Let n(x) be the second derivative of -x**5/20 - 29*x**4/12 - 55*x**3/6 - 11*x**2/2 + 48*x. Let g be n(-27). Calculate the greatest common divisor of g and 176.
16
Let t = -435 + 451. Suppose -y = 19*b - 17*b - 24, 0 = -2*b + y + t. Calculate the greatest common divisor of b and 40.
10
Let m(f) = 2*f + 14. Let s be m(3). Let o = -1900 - -1928. Calculate the greatest common factor of s and o.
4
Let p = -4307 + 4310. What is the highest common divisor of p and 241?
1
Suppose 5*j = -41*j + 65780. Calculate the greatest common divisor of 195 and j.
65
Suppose -3*a + 309 = q, 4*q = 4*a - 347 - 49. Let p(w) = 14 - w**2 - 7 + 16*w - 2. Let f be p(9). Calculate the highest common factor of f and a.
34
Let h = 10 - 14. Let q(p) = 2*p + 12. Let a be q(h). Let n(t) = -t**3 + 5*t**2 + 2*t - 2. Let j be n(a). What is the highest common factor of 55 and j?
11
Let s be ((-10)/(-4)*(-36)/(-30))/3. Let v(j) = 8*j**2 - 6*j + 2. Let f be v(s). Calculate the highest common divisor of f and 28.
4
Let v(q) = -40*q**3 + 2*q - 378. Let w be v(-9). What is the highest common divisor of 94 and w?
94
Let x be 2 + 1 + (-3948)/(-21). Let r = -171 + x. What is the highest common divisor of r and 5?
5
Let j be -58 - ((-7)/(-2) - (-15)/(-10)). Let g be 448/10 - 12/j. Let y(d) = d**2 + 2*d - 6. Let o be y(-5). Calculate the highest common divisor of o and g.
9
Let r be 2/(-6)*(-2664)/6. Let c = -127 + r. Suppose 2*b - 2*u - 46 = 0, 4*b - u + 6*u - 74 = 0. What is the greatest common divisor of c and b?
21
Let j be 2/(-3) - (-445)/15. Suppose -23*y - 78 = -j*y. Calculate the highest common divisor of 208 and y.
13
Suppose 226*k + 2357 - 89141 = 0. Calculate the highest common factor of k and 4176.
48
Let v be 1112/64 + 0 - 3/8. Suppose v*x = -x + 2376. What is the greatest common factor of 55 and x?
11
Suppose 234960 - 15848 = 103*o - 17788. What is the highest common factor of o and 92?
92
Suppose 0 = -4*t + 134 - 34. Let l = 452 - 423. Suppose -3*b + 42 - 18 = 3*f, -4*b + l = 3*f. Calculate the greatest common factor of t and b.
5
Let k(m) = 2*m - 7. Let u be k(11). Suppose 0 = 3*l + h - u, 6 = 4*l - 5*h - 14. What is the greatest common factor of 35 and l?
5
Let m(s) = -2*s**3 + s**2 - 7 + s**3 + 7*s**2 - 36*s + 46*s. Let d be m(9). Let g = d - -16. What is the greatest common divisor of 45 and g?
9
Suppose -2*c - 5*z = 219 + 18, 507 = -4*c + z. Let s be (-2)/(8/c)*(1 - 3). Let u = 66 + s. What is the greatest common factor of u and 6?
3
Let k be 11/2 - 55/66*(-9)/15. What is the highest common factor of 26742 and k?
6
Suppose 4*b - 58 - 46 = 0. Suppose -i = -3*d + 38 + 1, -d + b = 4*i. Calculate the highest common factor of d and 231.
7
Let r(y) = 4*y**2 - 8*y - 9. Let b be r(-1). Suppose -3*o - 765 = -8*o - g, 293 = 2*o + b*g. Calculate the highest common factor of o and 44.
22
Let k(v) = 59*v**2 - 77*v - 542. Let n be k(-6). Calculate the greatest common divisor of 8 and n.
4
Suppose -16*z + 4*z - 12 = 0. Let w be (-1 + -109 + -1 + z)*-2. What is the greatest